ppose -5*o = -2*o + 1044. Let z = -206 - o. What is the hundreds digit of z?
1
Let r(d) = d + 4. Let u be r(-2). Suppose 0*i = -2*i. What is the units digit of (u/4 - i)*4?
2
Suppose 2*n + 77 = p, -p - 3*n + 85 = -7*n. Let s = 105 - p. What is the units digit of s?
6
Let q = -1660 + 4793. What is the hundreds digit of q?
1
Let b be 1/(1*((-16)/(-12) - 1)). What is the units digit of ((-42)/(-3) + b)*7?
9
Suppose 0 = -5*k + 299 + 316. Suppose -3*h + k = -21. What is the tens digit of h?
4
Suppose 0 = -61*k + 122339 - 32486. What is the hundreds digit of k?
4
Let n(c) = -3*c + 11. Suppose 3*r + 10 + 17 = 0. Let t be n(r). Suppose -t = -u - 0*u. What is the tens digit of u?
3
Suppose -137 = -11*h + 10*h. What is the hundreds digit of h?
1
Suppose 2*l - 80 = 7*l. Let t = l - -8. What is the units digit of 29 - t/(-12)*3?
7
Suppose 3*t - 2340 = -2*g - 0*t, -4*t = g - 1165. What is the tens digit of g?
7
Suppose l = -0*l + 3. Suppose 0 = -5*c + l*c. Suppose -4*y - 3*o = -37, c*o - 2*o = 5*y - 48. What is the units digit of y?
0
Suppose -210*m = 2*r - 207*m - 3518, -3*m - 7018 = -4*r. What is the hundreds digit of r?
7
Let x be ((-192)/(-5))/(3/15). What is the tens digit of ((-45)/4)/((-72)/x)?
3
What is the tens digit of (-56 + 29)*74/(-2)?
9
Let t(c) = c**2 + 0*c**2 - 2*c + 4*c - c + c**3 - 11. Let p be t(0). Let h = 23 + p. What is the tens digit of h?
1
Let l(n) = -34*n**3 + 2*n**2 - 9*n - 14. What is the units digit of l(-3)?
9
Suppose 2*s - 3*v - 1236 = -7*v, 0 = 2*s + 5*v - 1240. What is the hundreds digit of s?
6
Let j = 2 - 12. Let g = -1 - j. What is the units digit of g?
9
Suppose 4*o + 7277 = 7*z - 2*z, 4361 = 3*z - 5*o. What is the thousands digit of z?
1
Let m(y) = 2*y**2 + 12*y + 15. Let u be m(-16). Suppose -6*d = 35 - u. What is the tens digit of d?
5
Let m = -461 + 858. What is the hundreds digit of m?
3
Let x(l) = -l**3 - 7*l**2 - 5*l + 6. Let u = 15 + -21. Let p be x(u). Suppose -10 = -2*s, 2*w + 3*s = -p*s + 79. What is the units digit of w?
2
What is the units digit of (-715)/10*9*6/(-9)?
9
Let k(o) = -4*o - 30. Suppose -7*j + 2*j - 60 = 0. What is the tens digit of k(j)?
1
What is the thousands digit of 15416/123*(-153)/(-6)?
3
Let o be -8*((-2)/(-3))/(8/(-6)). Suppose 7*c - 693 = -o*c. What is the units digit of c?
3
Let t = 1022 - 112. What is the tens digit of t?
1
Suppose 0 = -4*y - s + 2*s + 349, -y = -2*s - 96. Suppose -17*i + 19*i = y. What is the tens digit of i?
4
Let a = 1224 - 842. What is the tens digit of a?
8
Let d be -5*(4/4 - -2). What is the tens digit of d/1*60/(-10)?
9
Let m(v) be the first derivative of -v**4/24 + v**3 + 3*v**2/2 - 1. Let g(l) be the second derivative of m(l). What is the tens digit of g(-7)?
1
Let h(b) = -2*b**3 - 2*b**2 - 68*b - 5. What is the hundreds digit of h(-11)?
1
Let u(j) = j**3 + 7*j**2 - 4*j - 1. Suppose 0 = -2*r - 2*r - 24. What is the units digit of u(r)?
9
Let k(c) = 299*c**3 + 2*c**2 - 11*c + 5. What is the hundreds digit of k(2)?
3
What is the tens digit of (14984 - -3)*(-8)/(-56)?
4
Let g = -3 + 7. Let h be 18/(-4) + g/8. What is the units digit of h*(-29)/(-8)*-2?
9
What is the hundreds digit of 234905/231 + (-6)/(-63)?
0
Let v = 1632 - 547. What is the thousands digit of v?
1
Suppose 3*o + 9159 = 3*v, -5*o + 308 = -v + 3373. What is the thousands digit of v?
3
Let i = -18 - -23. Let b = -9 + i. What is the tens digit of (-20)/48*b*18?
3
Suppose 2*z = 4*v - 18, 4*v - 35 + 14 = 5*z. Suppose -42 = -v*w - 2*w. What is the units digit of w?
7
Let c(x) = x - 5. Let g be c(9). Suppose g*f - 4*d + 20 = 0, f = -5*d + 10 + 15. Let u = 20 + f. What is the units digit of u?
0
Let l(v) = 309*v**3 - v**2 - 4*v + 4. Let g be l(1). Suppose 0 = 2*t + 6 - g. What is the tens digit of t?
5
Suppose -5*c + c = -5*u - 4570, -5*u = 5*c - 5735. What is the hundreds digit of c?
1
Suppose -2*w + 112 = 5*s, 0*s = -5*s + w + 124. Suppose 3*a - 4*a + s = 0. What is the tens digit of a?
2
What is the hundreds digit of -13*301/(-9) + (-28)/(-126)?
4
Let b = -53 - -86. Suppose -88 = -b*f + 29*f. What is the tens digit of f?
2
Suppose 0 = -l + 2 + 3. Suppose 0 = -3*k + l*i + 39, -i - 39 = -k - 2*k. What is the units digit of 2/5*(k - 3)?
4
Let g(o) = 2*o**2 - o - o**2 - 3 + 0*o**2. Let f be g(3). Suppose 38 = 4*j + 2*d, f*j + 2*d - 26 = -0*d. What is the units digit of j?
2
Let z be ((-6)/(-4))/(9/84). Suppose 4 - z = -2*j. What is the units digit of j?
5
Suppose -4*g + 14*o = 15*o - 3219, -g - o = -807. What is the tens digit of g?
0
Let l(z) = 5*z**2 - 3*z - 9*z**2 - 7*z**3 + 6*z**3. Let s be l(-2). What is the tens digit of (s*(-26)/(-4))/(-1)?
1
Let m = 142 - 69. Let t = -20 + m. What is the tens digit of t?
5
Let s(f) = f**2 - 12*f - 9. Let k be ((-34)/(-3))/((-8)/(-12)). What is the tens digit of s(k)?
7
Let u(f) = f**3 + f**2 + f - 151. Let s be u(0). Let c(t) = t**3 + 13*t**2 - 17*t - 4. Let l be c(-13). Let a = s + l. What is the units digit of a?
6
Let f = -9 + 12. Suppose 0 = -f*g + 169 - 13. What is the tens digit of g?
5
Suppose n - 1 = -6, 2*n + 10 = -f. Suppose f*k + 3*k - 457 = -o, -o + 149 = k. What is the hundreds digit of k?
1
Suppose 0 = k - 4 + 1. Suppose -101 - 19 = -2*q + 4*b, 168 = k*q - 3*b. What is the tens digit of q?
5
Suppose 2*b + 6 = b. Let g = b - -23. What is the tens digit of g?
1
Suppose -2*x + 8 = 4*p, p - x + 3*x + 1 = 0. Let f be (4/p)/(4/6). Suppose f*r + 61 = 3*r. What is the tens digit of r?
6
Let l(v) = v**3 - 4*v**2 + 4*v + 4. Let j(k) = k**3 + k**2 - k - 1. Let r(y) = 2*j(y) + l(y). Let s be r(3). Let m = s - 51. What is the units digit of m?
0
Let g(v) = 1268*v + 4. What is the tens digit of g(1)?
7
Let o(a) = 3*a**2 + 9*a - 3. Let r be o(-4). Suppose t - r*t = 0. Suppose -3*u + 3*m + 15 = -t*m, -u - m + 1 = 0. What is the units digit of u?
3
Let i be ((-2)/(-3))/((-1)/(-3)). Let l(a) = 3*a**3 - 3*a**2 - a + 2. Let f be l(i). Let t(y) = -y**3 + 11*y**2 + 12*y + 7. What is the units digit of t(f)?
7
Let b = 271 + -117. What is the tens digit of b?
5
Let s = -3 + 8. Suppose u - 15 = -4*h, -h - s*u = -0*h - 18. What is the units digit of (h + -1)/(6/9)?
3
Let i(w) = -w - 1. Let h(r) = -r**3 + 12*r**2 - 10. Let l(g) = h(g) - 2*i(g). What is the hundreds digit of l(11)?
1
Suppose -6*v = -4*n - 4*v + 72, 0 = -4*n + 3*v + 74. What is the units digit of n?
7
Let o(c) = -c + 1 + 2 + c**3 - 3*c - 3*c**2. Let q(f) = -6*f - 13. Let i be q(-3). What is the units digit of o(i)?
3
Let t(o) = -6*o - 2. Let r be t(-8). Suppose -q + r = 12. What is the tens digit of q?
3
Let b be (-4 - -2)*3/2. Let f = -1 - b. What is the tens digit of ((-138)/(-9))/(f/3)?
2
Let t = 10242 - 6191. What is the hundreds digit of t?
0
Suppose -o = 3*o, o - 3665 = -5*f. What is the hundreds digit of f?
7
Let p be 2*-1*(-169)/(-26). Suppose 2*w - 13 = 3*w - 4*q, -2*w - 4*q - 14 = 0. Let c = w - p. What is the units digit of c?
4
Let c = -22 - -30. Suppose -2*u = -12 + c. What is the units digit of u?
2
Let m(q) = q + 10. Let y be m(-8). What is the tens digit of 103 + (1 - -1) + y?
0
Let h(d) = 6*d + 20. What is the units digit of h(4)?
4
Suppose -z - 8 = -3*b, 5*z = -2*b + 6*b - 7. Suppose 5 = 4*r - b*r. Suppose f + 43 = d + r*f, 4*d - 5*f - 109 = 0. What is the tens digit of d?
3
Let u = 949 - 191. What is the hundreds digit of u?
7
What is the hundreds digit of -3 - -2087 - 2 - (-24)/4?
0
Let y(g) = 10*g**2 + 33*g + 4. What is the hundreds digit of y(-13)?
2
Let w be 1/(-5) - 18/10. Let l be 2 + -3 - 2/w. Suppose l = 4*f - b - 12, 5*f - 23 + 8 = -5*b. What is the units digit of f?
3
Let z(b) = 3*b - 8. Let h be z(9). Suppose -h = 5*p - 4. Let c(f) = -21*f - 2. What is the tens digit of c(p)?
6
Let d be ((-9)/4)/(3*(-2)/32). Suppose 48 = 2*c + c. Let l = c - d. What is the units digit of l?
4
Let o(m) = -m**2 - 7*m - 3. Let g be o(-6). Suppose 29 + 310 = g*u. What is the units digit of u?
3
Let z(v) = -v**3 + 8*v**2 + 43*v. What is the units digit of z(-6)?
6
Let o be (-506)/6 - (-4)/3. Let z = o - -99. What is the units digit of z?
6
Let y = -40 - -18. Let t be (21 - 24) + -3 + 1 + 13. Let s = t - y. What is the tens digit of s?
3
What is the hundreds digit of (-5)/15 - 1148/(-6)?
1
Let p(m) = 8*m**3 - 3*m**2 + 4*m - 5. Let c be p(2). Suppose 3*a - c - 47 = 0. What is the units digit of a?
4